?
452
In base 11, what is -39 + 5?
-34
In base 8, what is -11 + -14?
-25
In base 2, what is 11 + -1110?
-1011
In base 2, what is -100 + -100?
-1000
In base 11, what is 130 + -5?
126
In base 14, what is 1b - -276?
293
In base 10, what is -2 + -30?
-32
In base 14, what is 21d - -4?
223
In base 7, what is 13520 + 5?
13525
In base 11, what is -80 + -316?
-396
In base 14, what is -3 - 136?
-139
In base 5, what is -44 + 11?
-33
In base 4, what is -10 - 11213?
-11223
In base 4, what is 2210 - 21?
2123
In base 9, what is 4186 - 11?
4175
In base 10, what is 1135 - 7?
1128
In base 13, what is -1a + 1?
-19
In base 6, what is 154 - -1123?
1321
In base 14, what is dac - -4?
db2
In base 9, what is 57 - -5?
63
In base 10, what is 15 - -4?
19
In base 2, what is 10 - -111001?
111011
In base 15, what is -10 + 2bb?
2ab
In base 6, what is 4 - -15053?
15101
In base 14, what is 3 - -d42?
d45
In base 2, what is 0 - 101?
-101
In base 9, what is -2 + -275?
-277
In base 5, what is 2 + -43?
-41
In base 7, what is 225 + -3?
222
In base 7, what is 441 + -3?
435
In base 5, what is -124 - -103?
-21
In base 14, what is 3 + -694?
-691
In base 8, what is 3 - 307?
-304
In base 15, what is -19a + -2?
-19c
In base 6, what is -5214 + -4?
-5222
In base 12, what is -4 - -20?
18
In base 12, what is -370 - 11?
-381
In base 14, what is 1 + 45?
46
In base 12, what is 0 + 90?
90
In base 5, what is 1 + -12404?
-12403
In base 14, what is d6 + 5?
db
In base 6, what is -133 - 31?
-204
In base 2, what is -11000 - 1001?
-100001
In base 4, what is -1011 + -11?
-1022
In base 8, what is 5240 - -6?
5246
In base 2, what is 11 - 10110011?
-10110000
In base 15, what is -2 + 1d0?
1cd
In base 15, what is -278 - 0?
-278
In base 8, what is -4 + -1036?
-1042
In base 2, what is 0 - 10110100100?
-10110100100
In base 3, what is 10021220 + 11?
10022001
In base 4, what is -2122 - -2?
-2120
In base 2, what is -100 + 1001101011?
1001100111
In base 2, what is -1110 + -1010?
-11000
In base 7, what is 5 - -113?
121
In base 8, what is -2 + 116?
114
In base 14, what is 3 - -26?
29
In base 15, what is b7 + 4?
bb
In base 3, what is 0 + -101010?
-101010
In base 15, what is 186d + 6?
1874
In base 16, what is -5 + 2c1?
2bc
In base 11, what is 72 + 6?
78
In base 4, what is 101223 - 2?
101221
In base 3, what is -2 - 22210222?
-22211001
In base 6, what is -3 - 102?
-105
In base 11, what is 312 - -3?
315
In base 3, what is 200211 - -2?
200220
In base 16, what is -a44 + 2?
-a42
In base 12, what is -20 - -1?
-1b
In base 14, what is 23 - -3?
26
In base 9, what is -1 - 844?
-845
In base 5, what is 13043 - 33?
13010
In base 15, what is -76 - 5?
-7b
In base 12, what is 76 + -77?
-1
In base 14, what is -b + 0?
-b
In base 15, what is -d + -189?
-197
In base 9, what is -6288 + 3?
-6285
In base 8, what is 53 + 43?
116
In base 12, what is 4 + -63?
-5b
In base 9, what is -1 - 272?
-273
In base 8, what is -2 - -2?
0
In base 14, what is -cc + 5?
-c7
In base 15, what is -22dc - -5?
-22d7
In base 5, what is -340 + 43?
-242
In base 10, what is -21 + 1?
-20
In base 15, what is 5 - -d3e?
d44
In base 10, what is 57 - 19?
38
In base 12, what is -690 + -1?
-691
In base 9, what is -118 + 47?
-61
In base 9, what is 156 + 0?
156
In base 6, what is 4 - -245?
253
In base 8, what is -54 + 4?
-50
In base 13, what is -96 + -c?
-a5
In base 4, what is 100000 - 21?
33313
In base 3, what is 10 + -1012?
-1002
In base 6, what is 4 + 230?
234
In base 10, what is 59 + 3?
62
In base 10, what is 408 + -1?
407
In base 5, what is -12 - -3?
-4
In base 9, what is 143 - -25?
168
In base 10, what is 0 - 29?
-29
In base 3, what is 2122110 - -1?
2122111
In base 16, what is -3 + cd5?
cd2
In base 13, what is -20 - 269?
-289
In base 16, what is 5 - 27?
-22
In base 7, what is -11 + 46?
35
In base 5, what is -203 - -10?
-143
In base 2, what is 10011 + 1001?
11100
In base 4, what is 0 + 102010?
102010
In base 4, what is 1 + 2212?
2213
In base 16, what is -3c5 - -4?
-3c1
In base 9, what is -4 - -418?
414
In base 7, what is 6 - -64?
103
In base 7, what is 22 - 11?
11
In base 14, what is -b + -31?
-3c
In base 10, what is -6372 - 3?
-6375
In base 8, what is 4 - -22?
26
In base 7, what is 4 - -1354?
1361
In base 4, what is -111 + -1030?
-1201
In base 3, what is -10 + -10020022?
-10020102
In base 2, what is -10101000 + -10?
-10101010
In base 5, what is 10 - -102?
112
In base 9, what is -10 + -1001?
-1011
In base 8, what is 32 - -72?
124
In base 8, what is 5 - -1054?
1061
In base 3, what is 220211 + 2?
220220
In base 4, what is 231 - 1?
230
In base 3, what is -1101 - 11?
-1112
In base 14, what is -d - -a?
-3
In base 6, what is -100 - -235?
135
In base 15, what is 8d + 31?
be
In base 4, what is 20030 + 0?
20030
In base 4, what is 202211 - 2?
202203
In base 2, what is 11010 + 110?
100000
In base 6, what is 5 - -125?
134
In base 6, what is -5 + 2400?
2351
In base 11, what is 8 - 46?
-39
In base 5, what is -211 - -41?
-120
In base 7, what is 6 - -61?
100
In base 12, what is -26 + -170?
-196
In base 9, what is -5 - -48?
43
In base 16, what is -8 + -ec?
-f4
In base 13, what is -5 - -13a2?
139a
In base 10, what is 6 - -14?
20
In base 15, what is -536 - -2?
-534
In base 15, what is -5c - 7?
-64
In base 12, what is -b043 - 4?
-b047
In base 10, what is -19 + 147?
128
In base 11, what is 43 - 107?
-74
In base 12, what is -6 + 182?
178
In base 7, what is 106 + -15?
61
In base 15, what is -2 + -30?
-32
In base 10, what is 0 + -287?
-287
In base 8, what is 0 - 4?
-4
In base 10, what is -1 - 3218?
-3219
In base 16, what is -4 - 62e?
-632
In base 11, what is -4 + 62a?
626
In base 7, what is 1 - 2?
-1
In base 6, what is -4 - -142?
134
In base 3, what is -11 + -2201?
-2212
In base 7, what is 3615 - -2?
3620
In base 5, what is -2 - 40?
-42
In base 10, what is -14 - -322?
308
In base 5, what is -43 + -1234?
-1332
In base 10, what is 344 + -5?
339
In base 12, what is 224 - 3?
221
In base 9, what is -2 - 107?
-110
In base 4, what is 20 + 2310?
2330
In base 5, what is -202210 - -3?
-202202
In base 16, what is -4 - c7?
-cb
In base 6, what is 0 - -42?
42
In base 4, what is 21102 - 101?
21001
In base 10, what is 13180 + 4?
13184
In base 10, what is -535 + 8?
-527
In base 7, what is 233 + -2?
231
In base 9, what is -755 - 22?
-777
In base 16, what is -4 - a1?
-a5
In base 12, what is 725 - -4?
729
In base 4, what is 111033 - -10?
111103
In base 16, what is -5 + -11?
-16
In base 8, what is 4 + -531?
-525
In base 2, what is 10 - -1000101000?
1000101010
In base 7, what is 20010 + -2?
20005
In base 9, what is 37 - -82?
130
In base 5, what is -11 - 1031?
-1042
In base 15, what is -5 - 2a?
-30
In base 13, what is -1 + -1b?
-1c
In base 16, what is -1966 - -4?
-1962
In base 12, what is 2 + -ba?
-b8
In base 16, what is 303 - 2?
301
In base 7, what is -11 + -4?
-15
In base 12, what is 271 - -1?
272
In base 4, what is -2 - 113?
-121
In base 4, what is 2330020 - 2?
2330012
In base 8, what is 13 - 15?
-2
In base 6, what is -10333 + 3?
-10330
In base 6, what is -1 - -1425?
1424
In base 6, what is 0 + 410?
410
In base 16, what is b - 4?
7
In base 3, what is -2 + 1010?
1001
In base 2, what is 100001111001 + -101?
100001110100
In base 8, what is 3 - 174?
-171
In base 6, what is 0 - 250?
-250
In base 5, what is 132433 + -11?
132422
In base 8, what is -173 + -5?
-200
In base 5, what is -10 + -10403?
-10413
In base 11, what is -2 + -38?
-3a
In base 6, what is 2241 - 5?
2232
In base 3, what is -11 - 20120?
-20201
In base 11, what is -175 - -4?
-171
In base 10, what is 5 + -243?
-238
In base 16, what is 4 + 1d?
21
In base 12, what is -31 - -127?
b6
In base 13, what is 7 - 159?
-152
In base 4, what is 113310 - 0?
113310
In base 7, what is -53 - -4?
-46
In base 9, what is 167 + 10?
177
In base 13, what is -4 + 17?
13
In base 8, what is 7717 + -2?
7715
In base 15, what is -4 + -62?
-66
In base 8, what is 2544 + 4?
2550
In base 8, what is -47461 - 2?
-47463
In base 5, what is -11 - -1042?
1031
In base 10, what is 37 + 151?
188
In base 10, what is 133 - -4?
137
In base 4, what is 302 + 11?
313
In base 12, what is 8 - 28b?
-283
In base 12, what is -5 - -5?
0
In base 15, what is -11 + -9?
-1a
In base 11, what is -2 + -56?
-58
In base 16, what is -d - 24?
-31
In base 11, what is 239 + 4?
242
In base 4, what is -122111 + 1?
-122110
In bas